{"id":1017,"date":"2020-02-05T15:22:15","date_gmt":"2020-02-05T18:22:15","guid":{"rendered":"http:\/\/www.febab.org\/cbbu\/?page_id=1017"},"modified":"2020-02-05T15:48:14","modified_gmt":"2020-02-05T18:48:14","slug":"parcerias","status":"publish","type":"page","link":"https:\/\/www.febab.org\/cbbu\/parcerias\/","title":{"rendered":"Parcerias"},"content":{"rendered":"\t\t<div data-elementor-type=\"wp-post\" data-elementor-id=\"1017\" class=\"elementor elementor-1017\">\n\t\t\t\t\t\t<section class=\"elementor-section elementor-top-section elementor-element elementor-element-6c6539a5 elementor-section-boxed elementor-section-height-default elementor-section-height-default\" data-id=\"6c6539a5\" data-element_type=\"section\" data-e-type=\"section\">\n\t\t\t\t\t\t<div class=\"elementor-container elementor-column-gap-default\">\n\t\t\t\t\t<div class=\"elementor-column elementor-col-100 elementor-top-column elementor-element elementor-element-581dbd3e\" data-id=\"581dbd3e\" data-element_type=\"column\" data-e-type=\"column\">\n\t\t\t<div class=\"elementor-widget-wrap elementor-element-populated\">\n\t\t\t\t\t\t<div class=\"elementor-element elementor-element-641f3066 elementor-widget elementor-widget-text-editor\" data-id=\"641f3066\" data-element_type=\"widget\" data-e-type=\"widget\" data-widget_type=\"text-editor.default\">\n\t\t\t\t<div class=\"elementor-widget-container\">\n\t\t\t\t\t\t\t\t\t\n<p>\u00a0<\/p>\n\n<p>A CBBU vem trabalhando no sentido de construir alternativas para facilitar o acesso \u00e0 base de dados, a partir do estabelecimento de parcerias, visando tornar mais vi\u00e1vel a aquisi\u00e7\u00e3o\/assinatura por parte das Bibliotecas das Institui\u00e7\u00f5es de Ensino Superior Brasileiras. Isso tem sido demandado pelas pr\u00f3prias Bibliotecas Universit\u00e1rias que buscam aprimorar suas cole\u00e7\u00f5es, muitas vezes impulsionadas pela avalia\u00e7\u00e3o dos cursos realizada pelo MEC. Dentro desta perspectiva, buscamos parceiros que oferecessem conte\u00fados multidisciplinares de alta relev\u00e2ncia, a um pre\u00e7o acess\u00edvel.<\/p>\n\n<p>\u00a0<\/p>\n\n<p><strong>PARCERIA CBBU \/ GALE<\/strong><\/p>\n<p><\/p>\n<p>Nome do pacote:<em><strong> <span style=\"color: #000000;\"><a style=\"color: #000000;\" href=\"http:\/\/images.learn.cengage.com\/Web\/CengageLearningInc\/%7B53e8d33a-56ee-49e3-9cea-8c46c2c49fee%7D_Gale_Reference_Complete_FEBAB2019.pdf\" target=\"_blank\" rel=\"noreferrer noopener\">Gale Reference Complete<\/a><\/span><\/strong><\/em><\/p>\n<p>Cobertura:\u00a0Multidisciplinar Acesso \u00e0 conta de teste <em><strong><span style=\"color: #000000;\"><a style=\"color: #000000;\" href=\"http:\/\/www.galepages.com\/grc_4\/FEBAB\" target=\"_blank\" rel=\"noreferrer noopener\">www.galepages.com\/grc_4\/FEBAB<\/a> <\/span><\/strong><\/em><\/p>\n<p>Senha:\u00a0G4l32020<\/p>\n<p><\/p>\n<ul class=\"wp-block-list\">\n<li>Valor especial: Filie-se \u00e0 CBBU\/FEBAB e fa\u00e7a a assinatura anual desse conjunto de recursos pelo valor especial de\u00a0<strong>U$8.000.00.<\/strong><\/li>\n<\/ul>\n<p><\/p>\n<p><strong>Se a sua institui\u00e7\u00e3o est\u00e1 interessada em subscrever este pacote a partir de janeiro de 2020, por favor responda esta mensagem com uma carta em papel timbrado confirmando sua inten\u00e7\u00e3o de assin\u00e1-lo<\/strong>.<\/p>\n<p><\/p>\n<p>Ficamos atentos aos seus coment\u00e1rios e dispon\u00edveis para voc\u00ea, caso precise de mais informa\u00e7\u00f5es sobre os recursos que comp\u00f5em esta proposta\u00a0contacte diretamente:\u00a0Igor Ara\u00fajo &#8211;<em><strong><span style=\"color: #000000;\">\u00a0<a style=\"color: #000000;\" href=\"mailto:igor.araujo@cengage.com\" target=\"_blank\" rel=\"noreferrer noopener\">igor.araujo@cengage.com<\/a><\/span><\/strong><\/em><\/p>\n<p><\/p>\n<p>Fa\u00e7a agora a filia\u00e7\u00e3o da sua Biblioteca \u00e0 CBBU e usufrua dessa oportunidade. Veja como em nosso site<span style=\"color: #000000;\">:<em><strong>\u00a0<a style=\"color: #000000;\" href=\"http:\/\/www.febab.org\/cbbu\/como-filiar\" target=\"_blank\" rel=\"noreferrer noopener\">febab.org\/cbbu\/como-filiar<\/a><\/strong><\/em><\/span><\/p>\n<p><\/p>\n<p><!--StartFragment--><\/p>\n<p><!--EndFragment--><\/p>\t\t\t\t\t\t\t\t<\/div>\n\t\t\t\t<\/div>\n\t\t\t\t\t<\/div>\n\t\t<\/div>\n\t\t\t\t\t<\/div>\n\t\t<\/section>\n\t\t\t\t<\/div>\n\t\t","protected":false},"excerpt":{"rendered":"<p>\u00a0 A CBBU vem trabalhando no sentido de construir alternativas para facilitar o acesso \u00e0 base de dados, a partir do estabelecimento de parcerias, visando tornar mais vi\u00e1vel a aquisi\u00e7\u00e3o\/assinatura por parte das Bibliotecas das Institui\u00e7\u00f5es de Ensino Superior Brasileiras. <a href=\"https:\/\/www.febab.org\/cbbu\/parcerias\/\"> Read more&#8230;<\/a><\/p>\n","protected":false},"author":2,"featured_media":0,"parent":0,"menu_order":0,"comment_status":"closed","ping_status":"closed","template":"","meta":{"footnotes":""},"class_list":["post-1017","page","type-page","status-publish","hentry"],"_links":{"self":[{"href":"https:\/\/www.febab.org\/cbbu\/wp-json\/wp\/v2\/pages\/1017","targetHints":{"allow":["GET"]}}],"collection":[{"href":"https:\/\/www.febab.org\/cbbu\/wp-json\/wp\/v2\/pages"}],"about":[{"href":"https:\/\/www.febab.org\/cbbu\/wp-json\/wp\/v2\/types\/page"}],"author":[{"embeddable":true,"href":"https:\/\/www.febab.org\/cbbu\/wp-json\/wp\/v2\/users\/2"}],"replies":[{"embeddable":true,"href":"https:\/\/www.febab.org\/cbbu\/wp-json\/wp\/v2\/comments?post=1017"}],"version-history":[{"count":7,"href":"https:\/\/www.febab.org\/cbbu\/wp-json\/wp\/v2\/pages\/1017\/revisions"}],"predecessor-version":[{"id":1028,"href":"https:\/\/www.febab.org\/cbbu\/wp-json\/wp\/v2\/pages\/1017\/revisions\/1028"}],"wp:attachment":[{"href":"https:\/\/www.febab.org\/cbbu\/wp-json\/wp\/v2\/media?parent=1017"}],"curies":[{"name":"wp","href":"https:\/\/api.w.org\/{rel}","templated":true}]}}