{"id":375,"date":"2018-09-13T17:26:27","date_gmt":"2018-09-13T20:26:27","guid":{"rendered":"http:\/\/www.febab.org\/cbbu2\/?page_id=375"},"modified":"2019-05-24T09:10:29","modified_gmt":"2019-05-24T12:10:29","slug":"relatorio-da-gestao","status":"publish","type":"page","link":"https:\/\/www.febab.org\/cbbu\/relatorio-da-gestao\/","title":{"rendered":"Relat\u00f3rio da Gest\u00e3o"},"content":{"rendered":"<p><strong>GEST\u00c3O \u2013 2016-2018<\/strong><\/p>\n<ul>\n<li><span style=\"color: #000000;\"><em><strong><a style=\"color: #000000;\" href=\"http:\/\/www.febab.org\/cbbu\/wp-content\/uploads\/2018\/09\/relat\u00f3rio-gest\u00e3o-s\u00edntese-.pdf\">Relat\u00f3rio gest\u00e3o (s\u00edntese)<\/a><\/strong><\/em><\/span><\/li>\n<li><span style=\"color: #000000;\"><em><strong><a style=\"color: #000000;\" href=\"http:\/\/www.febab.org\/cbbu\/wp-content\/uploads\/2018\/09\/RELATORIO-DE-GESTAO-CBBU-2016-2018-EM-10-04-2018-1.doc\">Relat\u00f3rio da gest\u00e3o CBBU<\/a><\/strong><\/em><\/span><\/li>\n<\/ul>\n","protected":false},"excerpt":{"rendered":"<p>GEST\u00c3O \u2013 2016-2018 Relat\u00f3rio gest\u00e3o (s\u00edntese) Relat\u00f3rio da gest\u00e3o CBBU<\/p>\n","protected":false},"author":2,"featured_media":0,"parent":0,"menu_order":0,"comment_status":"closed","ping_status":"closed","template":"","meta":{"footnotes":""},"class_list":["post-375","page","type-page","status-publish","hentry"],"_links":{"self":[{"href":"https:\/\/www.febab.org\/cbbu\/wp-json\/wp\/v2\/pages\/375","targetHints":{"allow":["GET"]}}],"collection":[{"href":"https:\/\/www.febab.org\/cbbu\/wp-json\/wp\/v2\/pages"}],"about":[{"href":"https:\/\/www.febab.org\/cbbu\/wp-json\/wp\/v2\/types\/page"}],"author":[{"embeddable":true,"href":"https:\/\/www.febab.org\/cbbu\/wp-json\/wp\/v2\/users\/2"}],"replies":[{"embeddable":true,"href":"https:\/\/www.febab.org\/cbbu\/wp-json\/wp\/v2\/comments?post=375"}],"version-history":[{"count":4,"href":"https:\/\/www.febab.org\/cbbu\/wp-json\/wp\/v2\/pages\/375\/revisions"}],"predecessor-version":[{"id":912,"href":"https:\/\/www.febab.org\/cbbu\/wp-json\/wp\/v2\/pages\/375\/revisions\/912"}],"wp:attachment":[{"href":"https:\/\/www.febab.org\/cbbu\/wp-json\/wp\/v2\/media?parent=375"}],"curies":[{"name":"wp","href":"https:\/\/api.w.org\/{rel}","templated":true}]}}