{"id":418,"date":"2018-09-14T17:23:13","date_gmt":"2018-09-14T20:23:13","guid":{"rendered":"http:\/\/www.febab.org\/cbbu\/?page_id=418"},"modified":"2024-12-22T18:25:05","modified_gmt":"2024-12-22T21:25:05","slug":"manifestos","status":"publish","type":"page","link":"https:\/\/www.febab.org\/cbbu\/manifestos\/","title":{"rendered":"Manifestos"},"content":{"rendered":"\t\t<div data-elementor-type=\"wp-page\" data-elementor-id=\"418\" class=\"elementor elementor-418\">\n\t\t\t\t\t\t<section class=\"elementor-section elementor-top-section elementor-element elementor-element-76b53293 elementor-section-boxed elementor-section-height-default elementor-section-height-default\" data-id=\"76b53293\" data-element_type=\"section\" data-e-type=\"section\">\n\t\t\t\t\t\t<div class=\"elementor-container elementor-column-gap-default\">\n\t\t\t\t\t<div class=\"elementor-column elementor-col-100 elementor-top-column elementor-element elementor-element-2000c17a\" data-id=\"2000c17a\" data-element_type=\"column\" data-e-type=\"column\">\n\t\t\t<div class=\"elementor-widget-wrap elementor-element-populated\">\n\t\t\t\t\t\t<div class=\"elementor-element elementor-element-5ac46e46 elementor-widget elementor-widget-text-editor\" data-id=\"5ac46e46\" data-element_type=\"widget\" data-e-type=\"widget\" data-widget_type=\"text-editor.default\">\n\t\t\t\t<div class=\"elementor-widget-container\">\n\t\t\t\t\t\t\t\t\t<p><span style=\"color: #000000;\"><em><strong><a style=\"color: #000000;\" href=\"http:\/\/www.febab.org\/cbbu\/wp-content\/uploads\/2018\/09\/Carta-de-Manaus-pdf.pdf\">Carta de Manaus<\/a><\/strong><\/em><\/span><\/p>\n<p><span style=\"color: #000000;\"><em><strong><a style=\"color: #000000;\" href=\"http:\/\/www.febab.org\/cbbu\/wp-content\/uploads\/2018\/09\/Mo\u00e7\u00e3o-de-Rep\u00fadio-ao-PL-7920-2017.pdf\">Mo\u00e7\u00e3o de Rep\u00fadio ao PL 7920-2017<\/a><\/strong><\/em><\/span><\/p>\n<p><\/p>\n<p><strong><span style=\"color: #000000;\">Carta-compromisso das bibliotecas universit\u00e1rias, Febab e institui\u00e7\u00f5es com a IA &#8211; 2024<\/span><\/strong><\/p>\n<p><\/p>\t\t\t\t\t\t\t\t<\/div>\n\t\t\t\t<\/div>\n\t\t\t\t\t<\/div>\n\t\t<\/div>\n\t\t\t\t\t<\/div>\n\t\t<\/section>\n\t\t\t\t<\/div>\n\t\t","protected":false},"excerpt":{"rendered":"<p>Carta de Manaus Mo\u00e7\u00e3o de Rep\u00fadio ao PL 7920-2017 Carta-compromisso das bibliotecas universit\u00e1rias, Febab e institui\u00e7\u00f5es com a IA &#8211; 2024<\/p>\n","protected":false},"author":2,"featured_media":0,"parent":0,"menu_order":0,"comment_status":"closed","ping_status":"closed","template":"","meta":{"footnotes":""},"class_list":["post-418","page","type-page","status-publish","hentry"],"_links":{"self":[{"href":"https:\/\/www.febab.org\/cbbu\/wp-json\/wp\/v2\/pages\/418","targetHints":{"allow":["GET"]}}],"collection":[{"href":"https:\/\/www.febab.org\/cbbu\/wp-json\/wp\/v2\/pages"}],"about":[{"href":"https:\/\/www.febab.org\/cbbu\/wp-json\/wp\/v2\/types\/page"}],"author":[{"embeddable":true,"href":"https:\/\/www.febab.org\/cbbu\/wp-json\/wp\/v2\/users\/2"}],"replies":[{"embeddable":true,"href":"https:\/\/www.febab.org\/cbbu\/wp-json\/wp\/v2\/comments?post=418"}],"version-history":[{"count":24,"href":"https:\/\/www.febab.org\/cbbu\/wp-json\/wp\/v2\/pages\/418\/revisions"}],"predecessor-version":[{"id":1552,"href":"https:\/\/www.febab.org\/cbbu\/wp-json\/wp\/v2\/pages\/418\/revisions\/1552"}],"wp:attachment":[{"href":"https:\/\/www.febab.org\/cbbu\/wp-json\/wp\/v2\/media?parent=418"}],"curies":[{"name":"wp","href":"https:\/\/api.w.org\/{rel}","templated":true}]}}