{"id":421,"date":"2018-09-14T17:23:13","date_gmt":"2018-09-14T20:23:13","guid":{"rendered":"http:\/\/www.febab.org\/cbbu\/?page_id=421"},"modified":"2019-05-24T09:05:33","modified_gmt":"2019-05-24T12:05:33","slug":"pnbu-iii","status":"publish","type":"page","link":"https:\/\/www.febab.org\/cbbu\/pnbu-iii\/","title":{"rendered":"PNBU III"},"content":{"rendered":"<div id=\"comp-je0muofu\" class=\"txtNew\" data-packed=\"true\">\n<h1 class=\"font_0\"><strong>III Plano Nacional de Bibliotecas Universit\u00e1rias<\/strong><\/h1>\n<\/div>\n<div id=\"comp-je0mwshw\" class=\"txtNew\" data-packed=\"true\">\n<p class=\"font_7\"><span class=\"color_21\">Na \u00faltima edi\u00e7\u00e3o do CBBD,\u00a0que ocorreu\u00a0em 2017, em Fortaleza, como desdobramento da atividade &#8220;Conversando sobre o PNBU \u00e0 luz da Agenda 2030&#8221;, os participantes presentes, coletivamente, deliberaram que a CBBU encaminhasse a elabora\u00e7\u00e3o de documento com a minuta do\u00a0III PNBU, a partir das reflex\u00f5es ocorridas e a luz dos planejamentos\u00a0anteriores (Programa Nacional de Bibliotecas\u00a0Universit\u00e1rias, 1986, a avalia\u00e7\u00e3o de Garcia\u00a0(1991) sobre o I PNBU e\u00a0o\u00a0II Plano Nacional de Bibliotecas Universit\u00e1rias, 1990).<\/span><\/p>\n<p class=\"font_7\"><span class=\"color_21\"><span class=\"wixGuard\">\u200b<\/span><\/span><\/p>\n<p class=\"font_7\"><span class=\"color_21\">A metodologia\u00a0constitu\u00edda pela Diretoria da CBBU para compor o III\u00a0Plano, foi composta das seguintes etapas:\u00a0<\/span><\/p>\n<p class=\"font_7\"><span class=\"wixGuard\">\u200b<\/span><\/p>\n<ol class=\"color_21 font_7\">\n<li>\n<p class=\"font_7\"><span class=\"color_21\">12.01.2018 CBBU postou um e-mail na Lista para convoca\u00e7\u00e3o, volunt\u00e1ria, ao trabalho de reda\u00e7\u00e3o da minuta do III Plano;<\/span><\/p>\n<\/li>\n<li>\n<p class=\"font_7\"><span class=\"color_21\">R<\/span><span class=\"color_21\">ecebimento de sugest\u00f5es durante o restante do m\u00eas de janeiro de 2018;<\/span><\/p>\n<\/li>\n<li>\n<p class=\"font_7\"><span class=\"color_21\">S<\/span><span class=\"color_21\">istematiza\u00e7\u00e3o do documento pela Diretoria da CBBU durante o m\u00eas de fevereiro de 2018;<\/span><\/p>\n<\/li>\n<li>\n<p class=\"font_7\"><span class=\"color_11\">Em abril de 2018, documento ser\u00e1 parte de mesa de discuss\u00e3o no SNBU (atividade j\u00e1 prevista na programa\u00e7\u00e3o preliminar do Semin\u00e1rio);<\/span><\/p>\n<\/li>\n<li>\n<p class=\"font_7\"><span class=\"color_11\">A<\/span><span class=\"color_11\">prova\u00e7\u00e3o, em assembleia, do documento para posterior encaminhamento pela FEBAB\/CBBU ao setor governamental pertinente em Bras\u00edlia.<\/span><\/p>\n<\/li>\n<\/ol>\n<p><span style=\"color: #000000;\"><strong><em><a style=\"color: #000000;\" href=\"http:\/\/www.febab.org\/cbbu\/wp-content\/uploads\/2018\/09\/Proposta-PNBU-III.pdf\">Proposta PNBU III<\/a><\/em><\/strong><\/span><\/p>\n<\/div>\n","protected":false},"excerpt":{"rendered":"<p>III Plano Nacional de Bibliotecas Universit\u00e1rias Na \u00faltima edi\u00e7\u00e3o do CBBD,\u00a0que ocorreu\u00a0em 2017, em Fortaleza, como desdobramento da atividade &#8220;Conversando sobre o PNBU \u00e0 luz da Agenda 2030&#8221;, os participantes presentes, coletivamente, deliberaram que a CBBU encaminhasse a elabora\u00e7\u00e3o de <a href=\"https:\/\/www.febab.org\/cbbu\/pnbu-iii\/\"> Read more&#8230;<\/a><\/p>\n","protected":false},"author":2,"featured_media":0,"parent":0,"menu_order":0,"comment_status":"closed","ping_status":"closed","template":"","meta":{"footnotes":""},"class_list":["post-421","page","type-page","status-publish","hentry"],"_links":{"self":[{"href":"https:\/\/www.febab.org\/cbbu\/wp-json\/wp\/v2\/pages\/421","targetHints":{"allow":["GET"]}}],"collection":[{"href":"https:\/\/www.febab.org\/cbbu\/wp-json\/wp\/v2\/pages"}],"about":[{"href":"https:\/\/www.febab.org\/cbbu\/wp-json\/wp\/v2\/types\/page"}],"author":[{"embeddable":true,"href":"https:\/\/www.febab.org\/cbbu\/wp-json\/wp\/v2\/users\/2"}],"replies":[{"embeddable":true,"href":"https:\/\/www.febab.org\/cbbu\/wp-json\/wp\/v2\/comments?post=421"}],"version-history":[{"count":4,"href":"https:\/\/www.febab.org\/cbbu\/wp-json\/wp\/v2\/pages\/421\/revisions"}],"predecessor-version":[{"id":908,"href":"https:\/\/www.febab.org\/cbbu\/wp-json\/wp\/v2\/pages\/421\/revisions\/908"}],"wp:attachment":[{"href":"https:\/\/www.febab.org\/cbbu\/wp-json\/wp\/v2\/media?parent=421"}],"curies":[{"name":"wp","href":"https:\/\/api.w.org\/{rel}","templated":true}]}}