{"id":503,"date":"2018-10-25T13:38:37","date_gmt":"2018-10-25T16:38:37","guid":{"rendered":"http:\/\/www.febab.org\/cbbu\/?page_id=503"},"modified":"2019-05-24T08:55:07","modified_gmt":"2019-05-24T11:55:07","slug":"sobre-3","status":"publish","type":"page","link":"https:\/\/www.febab.org\/cbbu\/sobre-3\/","title":{"rendered":"Sobre"},"content":{"rendered":"<p><strong>No momento este Comit\u00ea est\u00e1 desativado, mediante solicita\u00e7\u00e3o de extin\u00e7\u00e3o da sua diretoria em 2018.<\/strong><\/p>\n<p><em><strong><span style=\"color: #000000;\"><a style=\"color: #000000;\" href=\"http:\/\/www.febab.org\/cbbu\/wp-content\/uploads\/2019\/04\/CBBU-OF\u00cdCIO-5-Extin\u00e7\u00e3o-Comit\u00ea-de-M\u00fasica.odt\">CBBU OF\u00cdCIO 5 &#8211; Extin\u00e7\u00e3o Comit\u00ea de M\u00fasica<\/a><\/span><\/strong><\/em><\/p>\n<p>O Comit\u00ea de Bibliotec\u00e1rios Catalogadores de Acervos de M\u00fasica foi criado com os seguintes objetivos:<br \/>\n&#8211; buscar o entrosamento e a comunica\u00e7\u00e3o entre os bibliotec\u00e1rios catalogadores de acervos de m\u00fasica visando o interc\u00e2mbio de experi\u00eancias;<br \/>\n&#8211; promover encontros, reuni\u00f5es t\u00e9cnicas, cursos, publica\u00e7\u00f5es, semin\u00e1rios e demais eventos que contribuam para o desenvolvimento do profissional;<br \/>\n&#8211; produzir ferramentas destinadas \u00e0 organiza\u00e7\u00e3o e recupera\u00e7\u00e3o de documentos de informa\u00e7\u00e3o musical em institui\u00e7\u00f5es brasileiras, tendo como referencia os padr\u00f5es internacionais utilizados pela biblioteconomia.<\/p>\n<p><strong>HIST\u00d3RICO<\/strong><\/p>\n<p>O Comit\u00ea de Bibliotec\u00e1rios Catalogadores de Acervos de M\u00fasica do Brasil \u2013 CBICAM \u2013 foi organizado oficialmente em 24 de abril de 2014 durante o Encontro Regional da Comiss\u00e3o Brasileira de Bibliotecas Universit\u00e1rias (CBBU),realizado no F\u00f3rum de Ci\u00eancia e Cultura da Universidade Federal do Rio de Janeiro, no Rio de Janeiro. \u00c9 um Comit\u00ea T\u00e9cnico subordinado diretamente \u00e0 Comiss\u00e3o Brasileira de Bibliotecas Universit\u00e1rias (CBBU)<\/p>\n<p align=\"justify\">\n","protected":false},"excerpt":{"rendered":"<p>No momento este Comit\u00ea est\u00e1 desativado, mediante solicita\u00e7\u00e3o de extin\u00e7\u00e3o da sua diretoria em 2018. CBBU OF\u00cdCIO 5 &#8211; Extin\u00e7\u00e3o Comit\u00ea de M\u00fasica O Comit\u00ea de Bibliotec\u00e1rios Catalogadores de Acervos de M\u00fasica foi criado com os seguintes objetivos: &#8211; buscar <a href=\"https:\/\/www.febab.org\/cbbu\/sobre-3\/\"> Read more&#8230;<\/a><\/p>\n","protected":false},"author":2,"featured_media":0,"parent":0,"menu_order":0,"comment_status":"closed","ping_status":"closed","template":"","meta":{"footnotes":""},"class_list":["post-503","page","type-page","status-publish","hentry"],"_links":{"self":[{"href":"https:\/\/www.febab.org\/cbbu\/wp-json\/wp\/v2\/pages\/503","targetHints":{"allow":["GET"]}}],"collection":[{"href":"https:\/\/www.febab.org\/cbbu\/wp-json\/wp\/v2\/pages"}],"about":[{"href":"https:\/\/www.febab.org\/cbbu\/wp-json\/wp\/v2\/types\/page"}],"author":[{"embeddable":true,"href":"https:\/\/www.febab.org\/cbbu\/wp-json\/wp\/v2\/users\/2"}],"replies":[{"embeddable":true,"href":"https:\/\/www.febab.org\/cbbu\/wp-json\/wp\/v2\/comments?post=503"}],"version-history":[{"count":5,"href":"https:\/\/www.febab.org\/cbbu\/wp-json\/wp\/v2\/pages\/503\/revisions"}],"predecessor-version":[{"id":902,"href":"https:\/\/www.febab.org\/cbbu\/wp-json\/wp\/v2\/pages\/503\/revisions\/902"}],"wp:attachment":[{"href":"https:\/\/www.febab.org\/cbbu\/wp-json\/wp\/v2\/media?parent=503"}],"curies":[{"name":"wp","href":"https:\/\/api.w.org\/{rel}","templated":true}]}}

<p><strong>No momento este Comitê está desativado, mediante solicitação de extinção da sua diretoria em 2018.</strong></p>
<p><em><strong><span style="color: #000000;"><a style="color: #000000;" href="http://www.febab.org/cbbu/wp-content/uploads/2019/04/CBBU-OFÍCIO-5-Extinção-Comitê-de-Música.odt">CBBU OFÍCIO 5 &#8211; Extinção Comitê de Música</a></span></strong></em></p>
<p>O Comitê de Bibliotecários Catalogadores de Acervos de Música foi criado com os seguintes objetivos:<br />
&#8211; buscar o entrosamento e a comunicação entre os bibliotecários catalogadores de acervos de música visando o intercâmbio de experiências;<br />
&#8211; promover encontros, reuniões técnicas, cursos, publicações, seminários e demais eventos que contribuam para o desenvolvimento do profissional;<br />
&#8211; produzir ferramentas destinadas à organização e recuperação de documentos de informação musical em instituições brasileiras, tendo como referencia os padrões internacionais utilizados pela biblioteconomia.</p>
<p><strong>HISTÓRICO</strong></p>
<p>O Comitê de Bibliotecários Catalogadores de Acervos de Música do Brasil – CBICAM – foi organizado oficialmente em 24 de abril de 2014 durante o Encontro Regional da Comissão Brasileira de Bibliotecas Universitárias (CBBU),realizado no Fórum de Ciência e Cultura da Universidade Federal do Rio de Janeiro, no Rio de Janeiro. É um Comitê Técnico subordinado diretamente à Comissão Brasileira de Bibliotecas Universitárias (CBBU)</p>
<p align="justify">

<p>No momento este Comitê está desativado, mediante solicitação de extinção da sua diretoria em 2018. CBBU OFÍCIO 5 &#8211; Extinção Comitê de Música O Comitê de Bibliotecários Catalogadores de Acervos de Música foi criado com os seguintes objetivos: &#8211; buscar <a href="https://www.febab.org/cbbu/sobre-3/"> Read more&#8230;</a></p>
